CRAN Package Check Results for Package zenplots

Last updated on 2025-01-26 01:48:42 CET.

Flavor Version Tinstall Tcheck Ttotal Status Flags
r-devel-linux-x86_64-debian-clang 1.0.6 11.71 130.14 141.85 NOTE
r-devel-linux-x86_64-debian-gcc 1.0.6 8.44 88.80 97.24 NOTE
r-devel-linux-x86_64-fedora-clang 1.0.6 245.66 OK
r-devel-linux-x86_64-fedora-gcc 1.0.6 254.98 OK
r-devel-windows-x86_64 1.0.6 14.00 152.00 166.00 NOTE
r-patched-linux-x86_64 1.0.6 16.75 121.24 137.99 OK
r-release-linux-x86_64 1.0.6 10.38 123.34 133.72 OK
r-release-macos-arm64 1.0.6 85.00 OK
r-release-macos-x86_64 1.0.6 107.00 OK
r-release-windows-x86_64 1.0.6 14.00 150.00 164.00 OK
r-oldrel-macos-arm64 1.0.6 69.00 OK
r-oldrel-macos-x86_64 1.0.6 200.00 OK
r-oldrel-windows-x86_64 1.0.6 15.00 173.00 188.00 OK

Additional issues

noSuggests

Check Details

Version: 1.0.6
Check: Rd cross-references
Result: NOTE Found the following Rd file(s) with Rd \link{} targets missing package anchors: graph_pairs.Rd: graphNEL Please provide package anchors for all Rd \link{} targets not in the package itself and the base packages. Flavors: r-devel-linux-x86_64-debian-clang, r-devel-linux-x86_64-debian-gcc, r-devel-windows-x86_64

Version: 1.0.6
Check: for unstated dependencies in ‘demo’
Result: NOTE 'library' or 'require' calls not declared from: ‘crop’ ‘mvtnorm’ Flavors: r-devel-linux-x86_64-debian-clang, r-devel-linux-x86_64-debian-gcc