CRAN Package Check Results for Package xmlparsedata

Last updated on 2025-01-23 18:50:43 CET.

Flavor Version Tinstall Tcheck Ttotal Status Flags
r-devel-linux-x86_64-debian-clang 1.0.5 1.48 18.08 19.56 OK
r-devel-linux-x86_64-debian-gcc 1.0.5 1.30 14.89 16.19 OK
r-devel-linux-x86_64-fedora-clang 1.0.5 33.77 OK
r-devel-linux-x86_64-fedora-gcc 1.0.5 31.42 OK
r-devel-windows-x86_64 1.0.5 4.00 41.00 45.00 OK
r-patched-linux-x86_64 1.0.5 1.32 17.39 18.71 NOTE
r-release-linux-x86_64 1.0.5 1.47 17.54 19.01 NOTE
r-release-macos-arm64 1.0.5 15.00 NOTE
r-release-macos-x86_64 1.0.5 26.00 NOTE
r-release-windows-x86_64 1.0.5 3.00 41.00 44.00 NOTE
r-oldrel-macos-arm64 1.0.5 20.00 NOTE
r-oldrel-macos-x86_64 1.0.5 19.00 NOTE
r-oldrel-windows-x86_64 1.0.5 2.00 42.00 44.00 NOTE

Check Details

Version: 1.0.5
Check: LazyData
Result: NOTE 'LazyData' is specified without a 'data' directory Flavors: r-patched-linux-x86_64, r-release-linux-x86_64, r-release-macos-arm64, r-release-macos-x86_64, r-release-windows-x86_64, r-oldrel-macos-arm64, r-oldrel-macos-x86_64, r-oldrel-windows-x86_64