Last updated on 2025-04-30 17:01:08 CEST.
Flavor | Version | Tinstall | Tcheck | Ttotal | Status | Flags |
---|---|---|---|---|---|---|
r-devel-linux-x86_64-debian-clang | 1.7.10.1 | 486.16 | 307.80 | 793.96 | OK | |
r-devel-linux-x86_64-debian-gcc | 1.7.10.1 | 416.65 | 189.46 | 606.11 | OK | |
r-devel-linux-x86_64-fedora-clang | 1.7.10.1 | 1489.23 | OK | |||
r-devel-linux-x86_64-fedora-gcc | 1.7.10.1 | 1673.31 | OK | |||
r-devel-windows-x86_64 | 1.7.10.1 | 602.00 | 305.00 | 907.00 | OK | |
r-patched-linux-x86_64 | 1.7.10.1 | 581.06 | 289.66 | 870.72 | OK | |
r-release-linux-x86_64 | 1.7.10.1 | 587.03 | 293.85 | 880.88 | OK | |
r-release-macos-arm64 | 1.7.10.1 | 295.00 | OK | |||
r-release-macos-x86_64 | 1.7.10.1 | 429.00 | OK | |||
r-release-windows-x86_64 | 1.7.10.1 | 607.00 | 295.00 | 902.00 | OK | |
r-oldrel-macos-arm64 | 1.7.10.1 | 339.00 | NOTE | |||
r-oldrel-macos-x86_64 | 1.7.10.1 | 455.00 | NOTE | |||
r-oldrel-windows-x86_64 | 1.7.10.1 | 686.00 | 424.00 | 1110.00 | NOTE |
Version: 1.7.10.1
Check: installed package size
Result: NOTE
installed size is 54.1Mb
sub-directories of 1Mb or more:
libs 53.2Mb
Flavors: r-oldrel-macos-arm64, r-oldrel-macos-x86_64, r-oldrel-windows-x86_64
Version: 1.7.10.1
Check: for GNU extensions in Makefiles
Result: NOTE
GNU make is a SystemRequirements.
Flavors: r-oldrel-macos-arm64, r-oldrel-macos-x86_64, r-oldrel-windows-x86_64