CRAN Package Check Results for Package walrus

Last updated on 2025-01-13 06:50:50 CET.

Flavor Version Tinstall Tcheck Ttotal Status Flags
r-devel-linux-x86_64-debian-clang 1.0.5 15.16 30.46 45.62 OK
r-devel-linux-x86_64-debian-gcc 1.0.5 10.26 22.82 33.08 OK
r-devel-linux-x86_64-fedora-clang 1.0.5 78.10 NOTE
r-devel-linux-x86_64-fedora-gcc 1.0.5 72.76 NOTE
r-devel-windows-x86_64 1.0.5 16.00 52.00 68.00 OK
r-patched-linux-x86_64 1.0.5 14.87 28.76 43.63 OK
r-release-linux-x86_64 1.0.5 13.07 28.65 41.72 OK
r-release-macos-arm64 1.0.5 23.00 OK
r-release-macos-x86_64 1.0.5 36.00 OK
r-release-windows-x86_64 1.0.5 17.00 52.00 69.00 OK
r-oldrel-macos-arm64 1.0.5 27.00 OK
r-oldrel-macos-x86_64 1.0.5 38.00 OK
r-oldrel-windows-x86_64 1.0.5 20.00 55.00 75.00 OK

Check Details

Version: 1.0.5
Check: dependencies in R code
Result: NOTE Namespaces in Imports field not imported from: ‘R6’ ‘WRS2’ ‘ggplot2’ All declared Imports should be used. Flavors: r-devel-linux-x86_64-fedora-clang, r-devel-linux-x86_64-fedora-gcc