CRAN Package Check Results for Package wactor

Last updated on 2025-01-20 19:49:30 CET.

Flavor Version Tinstall Tcheck Ttotal Status Flags
r-devel-linux-x86_64-debian-clang 0.0.1 2.61 31.30 33.91 OK
r-devel-linux-x86_64-debian-gcc 0.0.1 1.94 25.01 26.95 OK
r-devel-linux-x86_64-fedora-clang 0.0.1 56.39 NOTE
r-devel-linux-x86_64-fedora-gcc 0.0.1 52.96 NOTE
r-devel-windows-x86_64 0.0.1 5.00 52.00 57.00 OK
r-patched-linux-x86_64 0.0.1 2.40 29.36 31.76 NOTE
r-release-linux-x86_64 0.0.1 2.88 30.25 33.13 NOTE
r-release-macos-arm64 0.0.1 21.00 NOTE
r-release-macos-x86_64 0.0.1 31.00 NOTE
r-release-windows-x86_64 0.0.1 5.00 52.00 57.00 NOTE
r-oldrel-macos-arm64 0.0.1 23.00 NOTE
r-oldrel-macos-x86_64 0.0.1 31.00 NOTE
r-oldrel-windows-x86_64 0.0.1 4.00 58.00 62.00 NOTE

Check Details

Version: 0.0.1
Check: dependencies in R code
Result: NOTE Namespaces in Imports field not imported from: ‘Matrix’ ‘R6’ All declared Imports should be used. Flavors: r-devel-linux-x86_64-fedora-clang, r-devel-linux-x86_64-fedora-gcc

Version: 0.0.1
Check: LazyData
Result: NOTE 'LazyData' is specified without a 'data' directory Flavors: r-patched-linux-x86_64, r-release-linux-x86_64, r-release-macos-arm64, r-release-macos-x86_64, r-release-windows-x86_64, r-oldrel-macos-arm64, r-oldrel-macos-x86_64, r-oldrel-windows-x86_64