Last updated on 2025-01-26 07:52:55 CET.
Flavor | Version | Tinstall | Tcheck | Ttotal | Status | Flags |
---|---|---|---|---|---|---|
r-devel-linux-x86_64-debian-clang | 1.1.0 | 16.49 | 273.99 | 290.48 | OK | |
r-devel-linux-x86_64-debian-gcc | 1.1.0 | 9.37 | 174.78 | 184.15 | OK | |
r-devel-linux-x86_64-fedora-clang | 1.1.0 | 470.46 | OK | |||
r-devel-linux-x86_64-fedora-gcc | 1.1.0 | 450.23 | OK | |||
r-devel-windows-x86_64 | 1.1.0 | 15.00 | 247.00 | 262.00 | OK | |
r-patched-linux-x86_64 | 1.1.0 | 14.56 | 258.03 | 272.59 | OK | |
r-release-linux-x86_64 | 1.1.0 | 15.87 | 254.73 | 270.60 | OK | |
r-release-macos-arm64 | 1.1.0 | 128.00 | NOTE | |||
r-release-macos-x86_64 | 1.1.0 | 344.00 | NOTE | |||
r-release-windows-x86_64 | 1.1.0 | 18.00 | 244.00 | 262.00 | NOTE | |
r-oldrel-macos-arm64 | 1.1.0 | 130.00 | NOTE | |||
r-oldrel-macos-x86_64 | 1.1.0 | 257.00 | NOTE | |||
r-oldrel-windows-x86_64 | 1.1.0 | 19.00 | 342.00 | 361.00 | NOTE |
Version: 1.1.0
Check: installed package size
Result: NOTE
installed size is 6.0Mb
sub-directories of 1Mb or more:
data 4.4Mb
help 1.3Mb
Flavors: r-release-macos-arm64, r-release-macos-x86_64, r-release-windows-x86_64, r-oldrel-macos-arm64, r-oldrel-macos-x86_64, r-oldrel-windows-x86_64