Last updated on 2025-01-18 15:48:38 CET.
Flavor | Version | Tinstall | Tcheck | Ttotal | Status | Flags |
---|---|---|---|---|---|---|
r-devel-linux-x86_64-debian-clang | 0.1.8 | 12.59 | 124.53 | 137.12 | NOTE | |
r-devel-linux-x86_64-debian-gcc | 0.1.8 | 9.82 | 86.13 | 95.95 | NOTE | |
r-devel-linux-x86_64-fedora-clang | 0.1.8 | 211.73 | OK | |||
r-devel-linux-x86_64-fedora-gcc | 0.1.8 | 207.95 | OK | |||
r-devel-windows-x86_64 | 0.1.8 | 15.00 | 137.00 | 152.00 | NOTE | |
r-patched-linux-x86_64 | 0.1.8 | 20.57 | 113.49 | 134.06 | OK | |
r-release-linux-x86_64 | 0.1.8 | 13.92 | 113.32 | 127.24 | OK | |
r-release-macos-arm64 | 0.1.8 | 55.00 | OK | |||
r-release-macos-x86_64 | 0.1.8 | 80.00 | OK | |||
r-release-windows-x86_64 | 0.1.8 | 14.00 | 135.00 | 149.00 | OK | |
r-oldrel-macos-arm64 | 0.1.8 | 61.00 | OK | |||
r-oldrel-macos-x86_64 | 0.1.8 | 106.00 | OK | |||
r-oldrel-windows-x86_64 | 0.1.8 | 19.00 | 171.00 | 190.00 | OK |
Version: 0.1.8
Check: Rd cross-references
Result: NOTE
Found the following Rd file(s) with Rd \link{} targets missing package
anchors:
count_taxa.Rd: taxlist-class
make_cocktail.Rd: taxlist-class
subset.Rd: taxlist-class
summary.Rd: taxlist-class
tv2vegtable.Rd: taxlist-class, read.dbf
used_synonyms.Rd: get_children, get_parents, taxlist-class,
accepted_name
vegtable-class.Rd: taxlist-class
Please provide package anchors for all Rd \link{} targets not in the
package itself and the base packages.
Flavors: r-devel-linux-x86_64-debian-clang, r-devel-linux-x86_64-debian-gcc, r-devel-windows-x86_64