CRAN Package Check Results for Package ui

Last updated on 2025-01-18 12:57:24 CET.

Flavor Version Tinstall Tcheck Ttotal Status Flags
r-devel-linux-x86_64-debian-clang 0.1.1 8.05 67.49 75.54 OK
r-devel-linux-x86_64-debian-gcc 0.1.1 5.28 46.66 51.94 OK
r-devel-linux-x86_64-fedora-clang 0.1.1 123.44 OK
r-devel-linux-x86_64-fedora-gcc 0.1.1 113.37 OK
r-devel-windows-x86_64 0.1.1 9.00 78.00 87.00 OK
r-patched-linux-x86_64 0.1.1 7.51 62.36 69.87 NOTE
r-release-linux-x86_64 0.1.1 7.97 63.74 71.71 NOTE
r-release-macos-arm64 0.1.1 33.00 NOTE
r-release-macos-x86_64 0.1.1 53.00 NOTE
r-release-windows-x86_64 0.1.1 8.00 80.00 88.00 NOTE
r-oldrel-macos-arm64 0.1.1 37.00 NOTE
r-oldrel-macos-x86_64 0.1.1 60.00 NOTE
r-oldrel-windows-x86_64 0.1.1 10.00 93.00 103.00 NOTE

Check Details

Version: 0.1.1
Check: LazyData
Result: NOTE 'LazyData' is specified without a 'data' directory Flavors: r-patched-linux-x86_64, r-release-linux-x86_64, r-release-macos-arm64, r-release-macos-x86_64, r-release-windows-x86_64, r-oldrel-macos-arm64, r-oldrel-macos-x86_64, r-oldrel-windows-x86_64