Last updated on 2025-04-30 08:53:13 CEST.
Flavor | Version | Tinstall | Tcheck | Ttotal | Status | Flags |
---|---|---|---|---|---|---|
r-devel-linux-x86_64-debian-clang | 0.1.0 | 17.62 | 128.27 | 145.89 | NOTE | |
r-devel-linux-x86_64-debian-gcc | 0.1.0 | 12.33 | 93.02 | 105.35 | NOTE | |
r-devel-linux-x86_64-fedora-clang | 0.1.0 | 248.37 | OK | |||
r-devel-linux-x86_64-fedora-gcc | 0.1.0 | 236.69 | OK | |||
r-devel-windows-x86_64 | 0.1.0 | 18.00 | 154.00 | 172.00 | OK | |
r-patched-linux-x86_64 | 0.1.0 | 18.74 | 121.52 | 140.26 | OK | |
r-release-linux-x86_64 | 0.1.0 | 16.94 | 121.53 | 138.47 | OK | |
r-release-macos-arm64 | 0.1.0 | 106.00 | OK | |||
r-release-macos-x86_64 | 0.1.0 | 131.00 | OK | |||
r-release-windows-x86_64 | 0.1.0 | 18.00 | 151.00 | 169.00 | OK | |
r-oldrel-macos-arm64 | 0.1.0 | 64.00 | OK | |||
r-oldrel-macos-x86_64 | 0.1.0 | 100.00 | OK | |||
r-oldrel-windows-x86_64 | 0.1.0 | 22.00 | 174.00 | 196.00 | OK |
Version: 0.1.0
Check: CRAN incoming feasibility
Result: NOTE
Maintainer: ‘Vitor Cerqueira <cerqueira.vitormanuel@gmail.com>’
Package CITATION file contains call(s) to old-style personList() or
as.personList(). Please use c() on person objects instead.
Package CITATION file contains call(s) to old-style citEntry(). Please
use bibentry() instead.
Flavors: r-devel-linux-x86_64-debian-clang, r-devel-linux-x86_64-debian-gcc