Last updated on 2025-01-18 15:48:37 CET.
Flavor | Version | Tinstall | Tcheck | Ttotal | Status | Flags |
---|---|---|---|---|---|---|
r-devel-linux-x86_64-debian-clang | 0.1.3 | 13.60 | 87.21 | 100.81 | OK | |
r-devel-linux-x86_64-debian-gcc | 0.1.3 | 11.21 | 57.84 | 69.05 | OK | |
r-devel-linux-x86_64-fedora-clang | 0.1.3 | 177.58 | OK | |||
r-devel-linux-x86_64-fedora-gcc | 0.1.3 | 165.30 | OK | |||
r-devel-windows-x86_64 | 0.1.3 | 18.00 | 103.00 | 121.00 | OK | |
r-patched-linux-x86_64 | 0.1.3 | 17.04 | 81.07 | 98.11 | OK | |
r-release-linux-x86_64 | 0.1.3 | 16.09 | 81.92 | 98.01 | OK | |
r-release-macos-arm64 | 0.1.3 | 11.00 | ERROR | |||
r-release-macos-x86_64 | 0.1.3 | 13.00 | ERROR | |||
r-release-windows-x86_64 | 0.1.3 | 21.00 | 101.00 | 122.00 | OK | |
r-oldrel-macos-arm64 | 0.1.3 | 23.00 | ERROR | |||
r-oldrel-macos-x86_64 | 0.1.3 | 13.00 | ERROR | |||
r-oldrel-windows-x86_64 | 0.1.3 | 22.00 | 143.00 | 165.00 | OK |
Version: 0.1.3
Check: whether package can be installed
Result: ERROR
Installation failed.
Flavors: r-release-macos-arm64, r-release-macos-x86_64, r-oldrel-macos-arm64, r-oldrel-macos-x86_64