Last updated on 2025-01-25 21:50:36 CET.
Flavor | Version | Tinstall | Tcheck | Ttotal | Status | Flags |
---|---|---|---|---|---|---|
r-devel-linux-x86_64-debian-clang | 1.0.14 | 7.71 | 65.12 | 72.83 | NOTE | |
r-devel-linux-x86_64-debian-gcc | 1.0.14 | 5.39 | 47.54 | 52.93 | NOTE | |
r-devel-linux-x86_64-fedora-clang | 1.0.14 | 130.69 | OK | |||
r-devel-linux-x86_64-fedora-gcc | 1.0.14 | 128.84 | NOTE | |||
r-devel-windows-x86_64 | 1.0.14 | 9.00 | 82.00 | 91.00 | OK | |
r-patched-linux-x86_64 | 1.0.14 | 7.48 | 60.90 | 68.38 | OK | |
r-release-linux-x86_64 | 1.0.14 | 7.10 | 60.23 | 67.33 | OK | |
r-release-macos-arm64 | 1.0.14 | 42.00 | OK | |||
r-release-macos-x86_64 | 1.0.14 | 73.00 | OK | |||
r-release-windows-x86_64 | 1.0.14 | 9.00 | 81.00 | 90.00 | OK | |
r-oldrel-macos-arm64 | 1.0.14 | 41.00 | OK | |||
r-oldrel-macos-x86_64 | 1.0.14 | 75.00 | OK | |||
r-oldrel-windows-x86_64 | 1.0.14 | 11.00 | 91.00 | 102.00 | OK |
Version: 1.0.14
Check: DESCRIPTION meta-information
Result: NOTE
Missing dependency on R >= 4.1.0 because package code uses the pipe
|> or function shorthand \(...) syntax added in R 4.1.0.
File(s) using such syntax:
‘functions_chr_int.R’ ‘gate_app.R’ ‘methods.R’
Flavors: r-devel-linux-x86_64-debian-clang, r-devel-linux-x86_64-debian-gcc, r-devel-linux-x86_64-fedora-gcc