CRAN Package Check Results for Package tfruns

Last updated on 2025-01-24 18:49:58 CET.

Flavor Version Tinstall Tcheck Ttotal Status Flags
r-devel-linux-x86_64-debian-clang 1.5.3 2.87 39.09 41.96 NOTE
r-devel-linux-x86_64-debian-gcc 1.5.3 2.46 29.95 32.41 NOTE
r-devel-linux-x86_64-fedora-clang 1.5.3 71.27 OK
r-devel-linux-x86_64-fedora-gcc 1.5.3 78.31 OK
r-devel-windows-x86_64 1.5.3 6.00 101.00 107.00 NOTE
r-patched-linux-x86_64 1.5.3 6.33 37.56 43.89 OK
r-release-linux-x86_64 1.5.3 3.40 37.87 41.27 OK
r-release-macos-arm64 1.5.3 66.00 OK
r-release-macos-x86_64 1.5.3 64.00 OK
r-release-windows-x86_64 1.5.3 5.00 97.00 102.00 OK
r-oldrel-macos-arm64 1.5.3 62.00 OK
r-oldrel-macos-x86_64 1.5.3 85.00 OK
r-oldrel-windows-x86_64 1.5.3 6.00 101.00 107.00 OK

Check Details

Version: 1.5.3
Check: Rd cross-references
Result: NOTE Found the following Rd file(s) with Rd \link{} targets missing package anchors: flags.Rd: yaml.load Please provide package anchors for all Rd \link{} targets not in the package itself and the base packages. Flavors: r-devel-linux-x86_64-debian-clang, r-devel-linux-x86_64-debian-gcc, r-devel-windows-x86_64