CRAN Package Check Results for Package stringr

Last updated on 2025-04-30 22:51:10 CEST.

Flavor Version Tinstall Tcheck Ttotal Status Flags
r-devel-linux-x86_64-debian-clang 1.5.1 3.31 59.38 62.69 NOTE
r-devel-linux-x86_64-debian-gcc 1.5.1 2.84 43.83 46.67 NOTE
r-devel-linux-x86_64-fedora-clang 1.5.1 99.01 OK
r-devel-linux-x86_64-fedora-gcc 1.5.1 104.70 OK
r-devel-windows-x86_64 1.5.1 6.00 87.00 93.00 NOTE
r-patched-linux-x86_64 1.5.1 4.75 53.21 57.96 NOTE
r-release-linux-x86_64 1.5.1 4.26 53.11 57.37 NOTE
r-release-macos-arm64 1.5.1 56.00 OK
r-release-macos-x86_64 1.5.1 101.00 OK
r-release-windows-x86_64 1.5.1 7.00 82.00 89.00 NOTE
r-oldrel-macos-arm64 1.5.1 38.00 OK
r-oldrel-macos-x86_64 1.5.1 69.00 OK
r-oldrel-windows-x86_64 1.5.1 8.00 99.00 107.00 OK

Check Details

Version: 1.5.1
Check: Rd cross-references
Result: NOTE Found the following Rd file(s) with Rd \link{} targets missing package anchors: str_replace.Rd: stri_replace str_split.Rd: stri_split Please provide package anchors for all Rd \link{} targets not in the package itself and the base packages. Flavors: r-devel-linux-x86_64-debian-clang, r-devel-linux-x86_64-debian-gcc, r-devel-windows-x86_64, r-patched-linux-x86_64, r-release-linux-x86_64, r-release-windows-x86_64