Last updated on 2025-07-03 04:51:10 CEST.
Flavor | Version | Tinstall | Tcheck | Ttotal | Status | Flags |
---|---|---|---|---|---|---|
r-devel-linux-x86_64-debian-clang | 1.3-1 | 5.85 | 81.34 | 87.19 | NOTE | |
r-devel-linux-x86_64-debian-gcc | 1.3-1 | 4.87 | 57.11 | 61.98 | NOTE | |
r-devel-linux-x86_64-fedora-clang | 1.3-1 | 132.36 | OK | |||
r-devel-linux-x86_64-fedora-gcc | 1.3-1 | 137.88 | OK | |||
r-devel-windows-x86_64 | 1.3-1 | 8.00 | 92.00 | 100.00 | OK | |
r-patched-linux-x86_64 | 1.3-1 | 6.69 | 75.49 | 82.18 | OK | |
r-release-linux-x86_64 | 1.3-1 | 6.79 | 74.18 | 80.97 | OK | |
r-release-macos-arm64 | 1.3-1 | 59.00 | OK | |||
r-release-macos-x86_64 | 1.3-1 | 112.00 | OK | |||
r-release-windows-x86_64 | 1.3-1 | 8.00 | 95.00 | 103.00 | OK | |
r-oldrel-macos-arm64 | 1.3-1 | 46.00 | OK | |||
r-oldrel-macos-x86_64 | 1.3-1 | 65.00 | OK | |||
r-oldrel-windows-x86_64 | 1.3-1 | 11.00 | 113.00 | 124.00 | OK |
Version: 1.3-1
Check: CRAN incoming feasibility
Result: NOTE
Maintainer: ‘Michael Hahsler <mhahsler@lyle.smu.edu>’
The BugReports field in DESCRIPTION has
https://github.com/mhahsler/streamMOA
which should likely be
https://github.com/mhahsler/streamMOA/issues
instead.
Flavors: r-devel-linux-x86_64-debian-clang, r-devel-linux-x86_64-debian-gcc