Last updated on 2025-01-13 09:48:44 CET.
Flavor | Version | Tinstall | Tcheck | Ttotal | Status | Flags |
---|---|---|---|---|---|---|
r-devel-linux-x86_64-debian-clang | 0.2.1 | 269.86 | 29.13 | 298.99 | OK | |
r-devel-linux-x86_64-debian-gcc | 0.2.1 | 194.61 | 22.62 | 217.23 | OK | |
r-devel-linux-x86_64-fedora-clang | 0.2.1 | 653.29 | OK | |||
r-devel-linux-x86_64-fedora-gcc | 0.2.1 | 667.79 | OK | |||
r-devel-windows-x86_64 | 0.2.1 | 267.00 | 75.00 | 342.00 | OK | |
r-patched-linux-x86_64 | 0.2.1 | 276.16 | 27.75 | 303.91 | OK | |
r-release-linux-x86_64 | 0.2.1 | 277.97 | 27.60 | 305.57 | OK | |
r-release-macos-arm64 | 0.2.1 | 117.00 | NOTE | |||
r-release-macos-x86_64 | 0.2.1 | 101.00 | NOTE | |||
r-release-windows-x86_64 | 0.2.1 | 266.00 | 73.00 | 339.00 | OK | |
r-oldrel-macos-arm64 | 0.2.1 | 125.00 | NOTE | |||
r-oldrel-macos-x86_64 | 0.2.1 | 104.00 | NOTE | |||
r-oldrel-windows-x86_64 | 0.2.1 | 316.00 | 84.00 | 400.00 | OK |
Version: 0.2.1
Check: installed package size
Result: NOTE
installed size is 10.4Mb
sub-directories of 1Mb or more:
libs 10.2Mb
Flavors: r-release-macos-arm64, r-release-macos-x86_64, r-oldrel-macos-arm64, r-oldrel-macos-x86_64