Last updated on 2025-01-25 15:49:25 CET.
Flavor | Version | Tinstall | Tcheck | Ttotal | Status | Flags |
---|---|---|---|---|---|---|
r-devel-linux-x86_64-debian-clang | 0.2.3 | 40.69 | 81.26 | 121.95 | OK | |
r-devel-linux-x86_64-debian-gcc | 0.2.3 | 28.11 | 58.94 | 87.05 | OK | |
r-devel-linux-x86_64-fedora-clang | 0.2.3 | 227.34 | OK | |||
r-devel-linux-x86_64-fedora-gcc | 0.2.3 | 232.56 | OK | |||
r-devel-windows-x86_64 | 0.2.3 | 44.00 | 117.00 | 161.00 | OK | |
r-patched-linux-x86_64 | 0.2.3 | 38.80 | 76.47 | 115.27 | OK | |
r-release-linux-x86_64 | 0.2.3 | 39.70 | 75.73 | 115.43 | OK | |
r-release-macos-arm64 | 0.2.3 | 59.00 | NOTE | |||
r-release-macos-x86_64 | 0.2.3 | 95.00 | NOTE | |||
r-release-windows-x86_64 | 0.2.3 | 44.00 | 117.00 | 161.00 | OK | |
r-oldrel-macos-arm64 | 0.2.3 | 62.00 | NOTE | |||
r-oldrel-macos-x86_64 | 0.2.3 | 107.00 | NOTE | |||
r-oldrel-windows-x86_64 | 0.2.3 | 47.00 | 127.00 | 174.00 | OK |
Version: 0.2.3
Check: installed package size
Result: NOTE
installed size is 7.0Mb
sub-directories of 1Mb or more:
doc 3.1Mb
libs 3.5Mb
Flavors: r-release-macos-arm64, r-release-macos-x86_64, r-oldrel-macos-arm64, r-oldrel-macos-x86_64