CRAN Package Check Results for Package spant

Last updated on 2025-01-26 07:52:51 CET.

Flavor Version Tinstall Tcheck Ttotal Status Flags
r-devel-linux-x86_64-debian-clang 3.1.0 27.84 254.06 281.90 NOTE
r-devel-linux-x86_64-debian-gcc 3.1.0 14.28 175.03 189.31 NOTE
r-devel-linux-x86_64-fedora-clang 3.1.0 461.35 OK
r-devel-linux-x86_64-fedora-gcc 3.1.0 465.93 NOTE
r-devel-windows-x86_64 3.1.0 30.00 296.00 326.00 OK
r-patched-linux-x86_64 3.1.0 30.16 245.32 275.48 OK
r-release-linux-x86_64 3.1.0 23.64 248.13 271.77 OK
r-release-macos-arm64 3.1.0 147.00 OK
r-release-macos-x86_64 3.1.0 290.00 OK
r-release-windows-x86_64 3.1.0 32.00 303.00 335.00 OK
r-oldrel-macos-arm64 3.1.0 146.00 OK
r-oldrel-macos-x86_64 3.1.0 307.00 OK
r-oldrel-windows-x86_64 3.1.0 34.00 351.00 385.00 OK

Check Details

Version: 3.1.0
Check: DESCRIPTION meta-information
Result: NOTE Missing dependency on R >= 4.1.0 because package code uses the pipe |> or function shorthand \(...) syntax added in R 4.1.0. File(s) using such syntax: ‘fmrs.R’ Flavors: r-devel-linux-x86_64-debian-clang, r-devel-linux-x86_64-debian-gcc, r-devel-linux-x86_64-fedora-gcc