Last updated on 2025-01-13 12:49:55 CET.
Flavor | Version | Tinstall | Tcheck | Ttotal | Status | Flags |
---|---|---|---|---|---|---|
r-devel-linux-x86_64-debian-clang | 0.2.5 | 2.52 | 26.26 | 28.78 | OK | |
r-devel-linux-x86_64-debian-gcc | 0.2.5 | 1.90 | 20.75 | 22.65 | OK | |
r-devel-linux-x86_64-fedora-clang | 0.2.5 | 47.18 | OK | |||
r-devel-linux-x86_64-fedora-gcc | 0.2.5 | 30.73 | OK | |||
r-devel-windows-x86_64 | 0.2.5 | 3.00 | 52.00 | 55.00 | OK | |
r-patched-linux-x86_64 | 0.2.2 | 3.36 | 28.10 | 31.46 | NOTE | |
r-release-linux-x86_64 | 0.2.5 | 2.31 | 25.10 | 27.41 | OK | |
r-release-macos-arm64 | 0.2.5 | 24.00 | OK | |||
r-release-macos-x86_64 | 0.2.5 | 50.00 | OK | |||
r-release-windows-x86_64 | 0.2.5 | 4.00 | 50.00 | 54.00 | OK | |
r-oldrel-macos-arm64 | 0.2.5 | 23.00 | OK | |||
r-oldrel-macos-x86_64 | 0.2.5 | 50.00 | OK | |||
r-oldrel-windows-x86_64 | 0.2.5 | 5.00 | 56.00 | 61.00 | OK |
Version: 0.2.2
Check: Rd contents
Result: NOTE
Auto-generated content requiring editing in Rd file 'niche.overlap.Rd':
\keyword: ‘~kwd1’
\keyword: ‘~kwd2’
Flavor: r-patched-linux-x86_64