Last updated on 2025-07-03 04:51:09 CEST.
Flavor | Version | Tinstall | Tcheck | Ttotal | Status | Flags |
---|---|---|---|---|---|---|
r-devel-linux-x86_64-debian-clang | 2.1-8 | 3.06 | 101.93 | 104.99 | NOTE | |
r-devel-linux-x86_64-debian-gcc | 2.1-8 | 2.12 | 40.36 | 42.48 | NOTE | |
r-devel-linux-x86_64-fedora-clang | 2.1-8 | 85.72 | OK | |||
r-devel-linux-x86_64-fedora-gcc | 2.1-8 | 221.79 | OK | |||
r-devel-windows-x86_64 | 2.1-8 | 4.00 | 142.00 | 146.00 | OK | |
r-patched-linux-x86_64 | 2.1-8 | 3.63 | 98.32 | 101.95 | OK | |
r-release-linux-x86_64 | 2.1-8 | 2.92 | 97.89 | 100.81 | OK | |
r-release-macos-arm64 | 2.1-8 | 886.00 | OK | |||
r-release-macos-x86_64 | 2.1-8 | 986.00 | OK | |||
r-release-windows-x86_64 | 2.1-8 | 6.00 | 134.00 | 140.00 | OK | |
r-oldrel-macos-arm64 | 2.1-8 | 914.00 | OK | |||
r-oldrel-macos-x86_64 | 2.1-8 | 1023.00 | OK | |||
r-oldrel-windows-x86_64 | 2.1-8 | 6.00 | 149.00 | 155.00 | OK |
Version: 2.1-8
Check: CRAN incoming feasibility
Result: NOTE
Maintainer: ‘Spencer Graves <spencer.graves@prodsyse.com>’
No Authors@R field in DESCRIPTION.
Please add one, modifying
Authors@R: c(person(given = "Spencer",
family = "Graves",
role = c("cre", "aut", "cph"),
email = "spencer.graves@prodsyse.com"),
person(given = "Sundar",
family = "Dorai-Raj",
role = "aut"),
person(given = "Romain",
family = "Francois",
role = "ctb"))
as necessary.
Flavors: r-devel-linux-x86_64-debian-clang, r-devel-linux-x86_64-debian-gcc