CRAN Package Check Results for Package sirt

Last updated on 2025-01-26 07:52:51 CET.

Flavor Version Tinstall Tcheck Ttotal Status Flags
r-devel-linux-x86_64-debian-clang 4.1-15 241.27 331.75 573.02 OK
r-devel-linux-x86_64-debian-gcc 4.1-15 162.75 198.66 361.41 OK
r-devel-linux-x86_64-fedora-clang 4.1-15 1010.92 OK
r-devel-linux-x86_64-fedora-gcc 4.1-15 975.53 OK
r-devel-windows-x86_64 4.1-15 245.00 356.00 601.00 OK
r-patched-linux-x86_64 4.1-15 240.50 300.86 541.36 OK
r-release-linux-x86_64 4.1-15 239.54 305.69 545.23 OK
r-release-macos-arm64 4.1-15 186.00 NOTE
r-release-macos-x86_64 4.1-15 289.00 NOTE
r-release-windows-x86_64 4.1-15 243.00 347.00 590.00 NOTE
r-oldrel-macos-arm64 4.1-15 201.00 NOTE
r-oldrel-macos-x86_64 4.1-15 400.00 NOTE
r-oldrel-windows-x86_64 4.1-15 280.00 455.00 735.00 NOTE

Check Details

Version: 4.1-15
Check: installed package size
Result: NOTE installed size is 11.9Mb sub-directories of 1Mb or more: R 3.0Mb libs 6.8Mb Flavors: r-release-macos-arm64, r-release-macos-x86_64, r-release-windows-x86_64, r-oldrel-macos-arm64, r-oldrel-macos-x86_64, r-oldrel-windows-x86_64