CRAN Package Check Results for Package shinystan

Last updated on 2025-01-25 06:49:25 CET.

Flavor Version Tinstall Tcheck Ttotal Status Flags
r-devel-linux-x86_64-debian-clang 2.6.0 24.39 151.90 176.29 OK
r-devel-linux-x86_64-debian-gcc 2.6.0 18.95 112.29 131.24 OK
r-devel-linux-x86_64-fedora-clang 2.6.0 299.46 OK
r-devel-linux-x86_64-fedora-gcc 2.6.0 298.94 OK
r-devel-windows-x86_64 2.6.0 18.00 149.00 167.00 OK
r-patched-linux-x86_64 2.6.0 23.81 148.43 172.24 NOTE
r-release-linux-x86_64 2.6.0 25.94 149.02 174.96 NOTE
r-release-macos-arm64 2.6.0 79.00 NOTE
r-release-macos-x86_64 2.6.0 139.00 NOTE
r-release-windows-x86_64 2.6.0 18.00 147.00 165.00 NOTE
r-oldrel-macos-arm64 2.6.0 68.00 NOTE
r-oldrel-macos-x86_64 2.6.0 106.00 NOTE
r-oldrel-windows-x86_64 2.6.0 24.00 186.00 210.00 NOTE

Check Details

Version: 2.6.0
Check: package dependencies
Result: NOTE Package suggested but not available for checking: ‘cmdstanr’ Flavors: r-patched-linux-x86_64, r-release-linux-x86_64, r-release-macos-arm64, r-release-macos-x86_64, r-release-windows-x86_64, r-oldrel-macos-arm64, r-oldrel-macos-x86_64, r-oldrel-windows-x86_64