Last updated on 2025-07-03 04:51:08 CEST.
Flavor | Version | Tinstall | Tcheck | Ttotal | Status | Flags |
---|---|---|---|---|---|---|
r-devel-linux-x86_64-debian-clang | 0.4.0 | 4.04 | 35.56 | 39.60 | NOTE | |
r-devel-linux-x86_64-debian-gcc | 0.4.0 | 2.57 | 27.51 | 30.08 | NOTE | |
r-devel-linux-x86_64-fedora-clang | 0.4.0 | 59.98 | OK | |||
r-devel-linux-x86_64-fedora-gcc | 0.4.0 | 60.60 | OK | |||
r-devel-windows-x86_64 | 0.4.0 | 6.00 | 56.00 | 62.00 | OK | |
r-patched-linux-x86_64 | 0.4.0 | 3.61 | 32.67 | 36.28 | OK | |
r-release-linux-x86_64 | 0.4.0 | 4.03 | 32.97 | 37.00 | OK | |
r-release-macos-arm64 | 0.4.0 | 23.00 | OK | |||
r-release-macos-x86_64 | 0.4.0 | 57.00 | OK | |||
r-release-windows-x86_64 | 0.4.0 | 6.00 | 57.00 | 63.00 | OK | |
r-oldrel-macos-arm64 | 0.4.0 | 21.00 | NOTE | |||
r-oldrel-macos-x86_64 | 0.4.0 | 30.00 | NOTE | |||
r-oldrel-windows-x86_64 | 0.4.0 | 7.00 | 65.00 | 72.00 | NOTE |
Version: 0.4.0
Check: CRAN incoming feasibility
Result: NOTE
Maintainer: ‘Edward Schuberg <eschu003@ucr.edu>’
No Authors@R field in DESCRIPTION.
Please add one, modifying
Authors@R: person(given = "Edward",
family = "Schuberg",
role = c("aut", "cre"),
email = "eschu003@ucr.edu")
as necessary.
Flavors: r-devel-linux-x86_64-debian-clang, r-devel-linux-x86_64-debian-gcc
Version: 0.4.0
Check: LazyData
Result: NOTE
'LazyData' is specified without a 'data' directory
Flavors: r-oldrel-macos-arm64, r-oldrel-macos-x86_64, r-oldrel-windows-x86_64