Last updated on 2025-07-03 04:51:08 CEST.
Flavor | Version | Tinstall | Tcheck | Ttotal | Status | Flags |
---|---|---|---|---|---|---|
r-devel-linux-x86_64-debian-clang | 0.2.5 | 10.17 | 61.92 | 72.09 | OK | |
r-devel-linux-x86_64-debian-gcc | 0.2.5 | 7.27 | 45.20 | 52.47 | OK | |
r-devel-linux-x86_64-fedora-clang | 0.2.5 | 120.54 | OK | |||
r-devel-linux-x86_64-fedora-gcc | 0.2.5 | 130.67 | OK | |||
r-devel-windows-x86_64 | 0.2.5 | 12.00 | 80.00 | 92.00 | OK | |
r-patched-linux-x86_64 | 0.2.5 | 10.39 | 58.84 | 69.23 | OK | |
r-release-linux-x86_64 | 0.2.5 | 10.02 | 58.21 | 68.23 | OK | |
r-release-macos-arm64 | 0.2.4 | 73.00 | NOTE | |||
r-release-macos-x86_64 | 0.2.5 | 109.00 | OK | |||
r-release-windows-x86_64 | 0.2.5 | 12.00 | 83.00 | 95.00 | OK | |
r-oldrel-macos-arm64 | 0.2.4 | 67.00 | NOTE | |||
r-oldrel-macos-x86_64 | 0.2.5 | 108.00 | OK | |||
r-oldrel-windows-x86_64 | 0.2.5 | 16.00 | 99.00 | 115.00 | OK |
Version: 0.2.4
Check: Rd files
Result: NOTE
checkRd: (-1) get_profile.Rd:22: Lost braces in \itemize; \value handles \item{}{} directly
checkRd: (-1) get_profile.Rd:23: Lost braces in \itemize; \value handles \item{}{} directly
checkRd: (-1) get_profile.Rd:24: Lost braces in \itemize; \value handles \item{}{} directly
checkRd: (-1) get_profile.Rd:25: Lost braces in \itemize; \value handles \item{}{} directly
checkRd: (-1) get_profile.Rd:26: Lost braces in \itemize; \value handles \item{}{} directly
Flavors: r-release-macos-arm64, r-oldrel-macos-arm64