Last updated on 2025-04-24 05:50:24 CEST.
Flavor | Version | Tinstall | Tcheck | Ttotal | Status | Flags |
---|---|---|---|---|---|---|
r-devel-linux-x86_64-debian-clang | 1.0.0 | 31.25 | 744.03 | 775.28 | OK | |
r-devel-linux-x86_64-debian-gcc | 1.0.0 | 23.85 | 677.71 | 701.56 | OK | |
r-devel-linux-x86_64-fedora-clang | 1.0.0 | 1220.80 | OK | |||
r-devel-linux-x86_64-fedora-gcc | 1.0.0 | 1064.77 | OK | |||
r-devel-windows-x86_64 | 1.0.0 | 33.00 | 473.00 | 506.00 | OK | |
r-patched-linux-x86_64 | 1.0.0 | 33.26 | 1098.10 | 1131.36 | OK | |
r-release-linux-x86_64 | 1.0.0 | 33.37 | 1088.10 | 1121.47 | OK | |
r-release-macos-arm64 | 1.0.0 | 320.00 | OK | |||
r-release-macos-x86_64 | 1.0.0 | 613.00 | OK | |||
r-release-windows-x86_64 | 1.0.0 | 31.00 | 474.00 | 505.00 | OK | |
r-oldrel-macos-arm64 | 1.0.0 | 227.00 | NOTE | |||
r-oldrel-macos-x86_64 | 1.0.0 | 373.00 | OK | |||
r-oldrel-windows-x86_64 | 1.0.0 | 45.00 | 586.00 | 631.00 | OK |
Version: 1.0.0
Check: package dependencies
Result: NOTE
Package suggested but not available for checking: ‘SingleCellSignalR’
Flavor: r-oldrel-macos-arm64