Last updated on 2025-01-25 00:49:25 CET.
Flavor | Version | Tinstall | Tcheck | Ttotal | Status | Flags |
---|---|---|---|---|---|---|
r-devel-linux-x86_64-debian-clang | 1.0.0 | 4.67 | 57.64 | 62.31 | OK | |
r-devel-linux-x86_64-debian-gcc | 1.0.0 | 4.10 | 41.67 | 45.77 | OK | |
r-devel-linux-x86_64-fedora-clang | 1.0.0 | 99.65 | OK | |||
r-devel-linux-x86_64-fedora-gcc | 1.0.0 | 109.26 | OK | |||
r-devel-windows-x86_64 | 1.0.0 | 6.00 | 82.00 | 88.00 | OK | |
r-patched-linux-x86_64 | 1.0.0 | 7.28 | 54.42 | 61.70 | NOTE | |
r-release-linux-x86_64 | 1.0.0 | 5.18 | 54.22 | 59.40 | NOTE | |
r-release-macos-arm64 | 1.0.0 | 42.00 | NOTE | |||
r-release-macos-x86_64 | 1.0.0 | 62.00 | NOTE | |||
r-release-windows-x86_64 | 1.0.0 | 8.00 | 80.00 | 88.00 | NOTE | |
r-oldrel-macos-arm64 | 1.0.0 | 43.00 | NOTE | |||
r-oldrel-macos-x86_64 | 1.0.0 | 64.00 | NOTE | |||
r-oldrel-windows-x86_64 | 1.0.0 | 7.00 | 89.00 | 96.00 | NOTE |
Version: 1.0.0
Check: package dependencies
Result: NOTE
Package suggested but not available for checking: ‘rnaturalearthhires’
Flavors: r-patched-linux-x86_64, r-release-linux-x86_64, r-release-macos-arm64, r-release-macos-x86_64, r-release-windows-x86_64, r-oldrel-macos-arm64, r-oldrel-macos-x86_64, r-oldrel-windows-x86_64