CRAN Package Check Results for Package revulyticsR

Last updated on 2025-01-25 09:49:28 CET.

Flavor Version Tinstall Tcheck Ttotal Status Flags
r-devel-linux-x86_64-debian-clang 0.0.3 4.98 35.49 40.47 OK
r-devel-linux-x86_64-debian-gcc 0.0.3 3.51 25.82 29.33 OK
r-devel-linux-x86_64-fedora-clang 0.0.3 63.83 OK
r-devel-linux-x86_64-fedora-gcc 0.0.3 62.34 OK
r-devel-windows-x86_64 0.0.3 7.00 61.00 68.00 OK
r-patched-linux-x86_64 0.0.3 4.13 33.60 37.73 NOTE
r-release-linux-x86_64 0.0.3 3.67 33.20 36.87 NOTE
r-release-macos-arm64 0.0.3 23.00 NOTE
r-release-macos-x86_64 0.0.3 32.00 NOTE
r-release-windows-x86_64 0.0.3 6.00 60.00 66.00 NOTE
r-oldrel-macos-arm64 0.0.3 25.00 NOTE
r-oldrel-macos-x86_64 0.0.3 35.00 NOTE
r-oldrel-windows-x86_64 0.0.3 7.00 72.00 79.00 NOTE

Check Details

Version: 0.0.3
Check: LazyData
Result: NOTE 'LazyData' is specified without a 'data' directory Flavors: r-patched-linux-x86_64, r-release-linux-x86_64, r-release-macos-arm64, r-release-macos-x86_64, r-release-windows-x86_64, r-oldrel-macos-arm64, r-oldrel-macos-x86_64, r-oldrel-windows-x86_64