Last updated on 2025-01-25 12:49:34 CET.
Flavor | Version | Tinstall | Tcheck | Ttotal | Status | Flags |
---|---|---|---|---|---|---|
r-devel-linux-x86_64-debian-clang | 2.1.0 | 40.21 | 71.85 | 112.06 | NOTE | |
r-devel-linux-x86_64-debian-gcc | 2.1.0 | 29.42 | 55.57 | 84.99 | NOTE | |
r-devel-linux-x86_64-fedora-clang | 2.1.0 | 194.08 | NOTE | |||
r-devel-linux-x86_64-fedora-gcc | 2.1.0 | 216.09 | NOTE | |||
r-devel-windows-x86_64 | 2.1.0 | 42.00 | 112.00 | 154.00 | NOTE | |
r-patched-linux-x86_64 | 2.1.0 | 45.96 | 73.17 | 119.13 | NOTE | |
r-release-linux-x86_64 | 2.1.0 | 42.91 | 72.84 | 115.75 | NOTE | |
r-release-macos-arm64 | 2.1.0 | 74.00 | NOTE | |||
r-release-macos-x86_64 | 2.1.0 | 103.00 | NOTE | |||
r-release-windows-x86_64 | 2.1.0 | 39.00 | 112.00 | 151.00 | NOTE | |
r-oldrel-macos-arm64 | 2.1.0 | 85.00 | NOTE | |||
r-oldrel-macos-x86_64 | 2.1.0 | 98.00 | NOTE | |||
r-oldrel-windows-x86_64 | 2.1.0 | 50.00 | 129.00 | 179.00 | NOTE |
Version: 2.1.0
Check: C++ specification
Result: NOTE
Specified C++11: please drop specification unless essential
Flavors: r-devel-linux-x86_64-debian-clang, r-devel-linux-x86_64-debian-gcc, r-devel-linux-x86_64-fedora-clang, r-devel-linux-x86_64-fedora-gcc, r-devel-windows-x86_64, r-patched-linux-x86_64, r-release-linux-x86_64, r-release-macos-arm64, r-release-macos-x86_64, r-release-windows-x86_64, r-oldrel-macos-arm64, r-oldrel-macos-x86_64, r-oldrel-windows-x86_64
Version: 2.1.0
Check: Rd cross-references
Result: NOTE
Found the following Rd file(s) with Rd \link{} targets missing package
anchors:
mvregmed.graph.attributes.Rd: graph_from_edgelist
Please provide package anchors for all Rd \link{} targets not in the
package itself and the base packages.
Flavors: r-devel-linux-x86_64-debian-clang, r-devel-linux-x86_64-debian-gcc, r-devel-windows-x86_64