Last updated on 2025-01-13 09:48:38 CET.
Flavor | Version | Tinstall | Tcheck | Ttotal | Status | Flags |
---|---|---|---|---|---|---|
r-devel-linux-x86_64-debian-clang | 1.6 | 13.04 | 142.19 | 155.23 | NOTE | |
r-devel-linux-x86_64-debian-gcc | 1.6 | 9.48 | 98.86 | 108.34 | NOTE | |
r-devel-linux-x86_64-fedora-clang | 1.6 | 250.34 | OK | |||
r-devel-linux-x86_64-fedora-gcc | 1.6 | 240.99 | OK | |||
r-devel-windows-x86_64 | 1.6 | 16.00 | 174.00 | 190.00 | NOTE | |
r-patched-linux-x86_64 | 1.6 | 18.10 | 131.57 | 149.67 | OK | |
r-release-linux-x86_64 | 1.6 | 10.52 | 133.45 | 143.97 | OK | |
r-release-macos-arm64 | 1.6 | 83.00 | OK | |||
r-release-macos-x86_64 | 1.6 | 142.00 | OK | |||
r-release-windows-x86_64 | 1.6 | 16.00 | 162.00 | 178.00 | OK | |
r-oldrel-macos-arm64 | 1.6 | 73.00 | OK | |||
r-oldrel-macos-x86_64 | 1.6 | 124.00 | OK | |||
r-oldrel-windows-x86_64 | 1.6 | 20.00 | 202.00 | 222.00 | OK |
Version: 1.6
Check: Rd cross-references
Result: NOTE
Found the following Rd file(s) with Rd \link{} targets missing package
anchors:
associate.Rd: vglm
build_model.Rd: bestglm, regsubsets
build_tree.Rd: rpart
generalization_error.Rd: rpart, randomForest
getcp.Rd: rpart
see_models.Rd: regsubsets
summarize_tree.Rd: rpart, randomForest
visualize_model.Rd: rpart
Please provide package anchors for all Rd \link{} targets not in the
package itself and the base packages.
Flavors: r-devel-linux-x86_64-debian-clang, r-devel-linux-x86_64-debian-gcc, r-devel-windows-x86_64