CRAN Package Check Results for Package rdd

Last updated on 2025-01-14 03:49:34 CET.

Flavor Version Tinstall Tcheck Ttotal Status Flags
r-devel-linux-x86_64-debian-clang 0.57 7.45 56.03 63.48 NOTE
r-devel-linux-x86_64-debian-gcc 0.57 5.21 40.77 45.98 NOTE
r-devel-linux-x86_64-fedora-clang 0.57 100.81 OK
r-devel-linux-x86_64-fedora-gcc 0.57 100.16 OK
r-devel-windows-x86_64 0.57 9.00 69.00 78.00 NOTE
r-patched-linux-x86_64 0.57 13.30 52.56 65.86 OK
r-release-linux-x86_64 0.57 6.53 52.53 59.06 OK
r-release-macos-arm64 0.57 24.00 OK
r-release-macos-x86_64 0.57 42.00 OK
r-release-windows-x86_64 0.57 9.00 67.00 76.00 OK
r-oldrel-macos-arm64 0.57 38.00 OK
r-oldrel-macos-x86_64 0.57 53.00 OK
r-oldrel-windows-x86_64 0.57 11.00 83.00 94.00 OK

Check Details

Version: 0.57
Check: Rd cross-references
Result: NOTE Found the following Rd file(s) with Rd \link{} targets missing package anchors: RDestimate.Rd: vcovHC, ivreg Please provide package anchors for all Rd \link{} targets not in the package itself and the base packages. Flavors: r-devel-linux-x86_64-debian-clang, r-devel-linux-x86_64-debian-gcc, r-devel-windows-x86_64