CRAN Package Check Results for Package ravelRy

Last updated on 2025-07-03 13:48:43 CEST.

Flavor Version Tinstall Tcheck Ttotal Status Flags
r-devel-linux-x86_64-debian-clang 0.1.0 4.11 34.02 38.13 OK
r-devel-linux-x86_64-debian-gcc 0.1.0 2.64 25.20 27.84 OK
r-devel-linux-x86_64-fedora-clang 0.1.0 55.86 NOTE
r-devel-linux-x86_64-fedora-gcc 0.1.0 52.28 NOTE
r-devel-windows-x86_64 0.1.0 5.00 51.00 56.00 OK
r-patched-linux-x86_64 0.1.0 3.78 29.97 33.75 OK
r-release-linux-x86_64 0.1.0 3.57 30.18 33.75 OK
r-release-macos-arm64 0.1.0 22.00 OK
r-release-macos-x86_64 0.1.0 35.00 OK
r-release-windows-x86_64 0.1.0 7.00 52.00 59.00 OK
r-oldrel-macos-arm64 0.1.0 25.00 NOTE
r-oldrel-macos-x86_64 0.1.0 54.00 NOTE
r-oldrel-windows-x86_64 0.1.0 8.00 59.00 67.00 NOTE

Check Details

Version: 0.1.0
Check: dependencies in R code
Result: NOTE Namespace in Imports field not imported from: ‘tidyr’ All declared Imports should be used. Flavors: r-devel-linux-x86_64-fedora-clang, r-devel-linux-x86_64-fedora-gcc

Version: 0.1.0
Check: LazyData
Result: NOTE 'LazyData' is specified without a 'data' directory Flavors: r-oldrel-macos-arm64, r-oldrel-macos-x86_64, r-oldrel-windows-x86_64