Last updated on 2025-04-29 19:50:42 CEST.
Flavor | Version | Tinstall | Tcheck | Ttotal | Status | Flags |
---|---|---|---|---|---|---|
r-devel-linux-x86_64-debian-clang | 0.10.1 | 7.59 | 230.26 | 237.85 | NOTE | |
r-devel-linux-x86_64-debian-gcc | 0.10.1 | 5.55 | 151.36 | 156.91 | NOTE | |
r-devel-linux-x86_64-fedora-clang | 0.10.1 | 381.81 | OK | |||
r-devel-linux-x86_64-fedora-gcc | 0.10.1 | 353.55 | OK | |||
r-devel-windows-x86_64 | 0.10.1 | 10.00 | 198.00 | 208.00 | OK | |
r-patched-linux-x86_64 | 0.10.1 | 6.03 | 216.00 | 222.03 | OK | |
r-release-linux-x86_64 | 0.10.1 | 7.19 | 216.91 | 224.10 | OK | |
r-release-macos-arm64 | 0.10.1 | 96.00 | OK | |||
r-release-macos-x86_64 | 0.10.1 | 259.00 | OK | |||
r-release-windows-x86_64 | 0.10.1 | 8.00 | 205.00 | 213.00 | OK | |
r-oldrel-macos-arm64 | 0.10.1 | 93.00 | NOTE | |||
r-oldrel-macos-x86_64 | 0.10.1 | 171.00 | NOTE | |||
r-oldrel-windows-x86_64 | 0.10.1 | 11.00 | 272.00 | 283.00 | NOTE |
Version: 0.10.1
Check: examples
Result: NOTE
Examples with CPU (user + system) or elapsed time > 5s
user system elapsed
plot_multi_way_importance 8.574 0.075 11.856
min_depth_interactions 5.996 0.044 8.627
plot_min_depth_interactions 5.872 0.012 7.851
plot_importance_rankings 5.779 0.044 7.245
plot_min_depth_distribution 5.329 0.018 7.518
important_variables 5.176 0.071 6.896
measure_importance 4.973 0.016 5.537
plot_importance_ggpairs 4.854 0.082 7.070
Flavor: r-devel-linux-x86_64-debian-clang
Version: 0.10.1
Check: examples
Result: NOTE
Examples with CPU (user + system) or elapsed time > 5s
user system elapsed
plot_multi_way_importance 4.902 0.028 5.103
Flavor: r-devel-linux-x86_64-debian-gcc
Version: 0.10.1
Check: LazyData
Result: NOTE
'LazyData' is specified without a 'data' directory
Flavors: r-oldrel-macos-arm64, r-oldrel-macos-x86_64, r-oldrel-windows-x86_64