CRAN Package Check Results for Package rTensor2

Last updated on 2025-01-25 06:49:24 CET.

Flavor Version Tinstall Tcheck Ttotal Status Flags
r-devel-linux-x86_64-debian-clang 2.0.0 65.61 307.07 372.68 OK
r-devel-linux-x86_64-debian-gcc 2.0.0 43.33 199.85 243.18 OK
r-devel-linux-x86_64-fedora-clang 2.0.0 601.68 OK
r-devel-linux-x86_64-fedora-gcc 2.0.0 577.93 OK
r-devel-windows-x86_64 2.0.0 59.00 256.00 315.00 OK
r-patched-linux-x86_64 2.0.0 66.94 290.30 357.24 OK
r-release-linux-x86_64 2.0.0 63.76 292.57 356.33 OK
r-release-macos-arm64 2.0.0 150.00 OK
r-release-macos-x86_64 2.0.0 235.00 OK
r-release-windows-x86_64 2.0.0 60.00 251.00 311.00 OK
r-oldrel-macos-arm64 2.0.0 152.00 NOTE
r-oldrel-macos-x86_64 2.0.0 438.00 NOTE
r-oldrel-windows-x86_64 2.0.0 77.00 345.00 422.00 OK

Check Details

Version: 2.0.0
Check: installed package size
Result: NOTE installed size is 5.3Mb sub-directories of 1Mb or more: data 5.0Mb Flavors: r-oldrel-macos-arm64, r-oldrel-macos-x86_64