Last updated on 2025-01-26 03:49:59 CET.
Flavor | Version | Tinstall | Tcheck | Ttotal | Status | Flags |
---|---|---|---|---|---|---|
r-devel-linux-x86_64-debian-clang | 0.2.3 | 3.60 | 45.28 | 48.88 | NOTE | |
r-devel-linux-x86_64-debian-gcc | 0.2.3 | 2.82 | 35.40 | 38.22 | NOTE | |
r-devel-linux-x86_64-fedora-clang | 0.2.3 | 80.59 | OK | |||
r-devel-linux-x86_64-fedora-gcc | 0.2.3 | 92.64 | NOTE | |||
r-devel-windows-x86_64 | 0.2.3 | 6.00 | 79.00 | 85.00 | OK | |
r-patched-linux-x86_64 | 0.2.3 | 4.17 | 43.69 | 47.86 | OK | |
r-release-linux-x86_64 | 0.2.3 | 3.73 | 43.86 | 47.59 | OK | |
r-release-macos-arm64 | 0.2.3 | 59.00 | OK | |||
r-release-macos-x86_64 | 0.2.3 | 99.00 | OK | |||
r-release-windows-x86_64 | 0.2.3 | 6.00 | 79.00 | 85.00 | OK | |
r-oldrel-macos-arm64 | 0.2.3 | 57.00 | OK | |||
r-oldrel-macos-x86_64 | 0.2.3 | 99.00 | OK | |||
r-oldrel-windows-x86_64 | 0.2.3 | 6.00 | 85.00 | 91.00 | OK |
Version: 0.2.3
Check: DESCRIPTION meta-information
Result: NOTE
Missing dependency on R >= 4.1.0 because package code uses the pipe
|> or function shorthand \(...) syntax added in R 4.1.0.
File(s) using such syntax:
‘higher_order_metadata.R’
Flavors: r-devel-linux-x86_64-debian-clang, r-devel-linux-x86_64-debian-gcc, r-devel-linux-x86_64-fedora-gcc