CRAN Package Check Results for Package quest

Last updated on 2025-01-24 09:49:25 CET.

Flavor Version Tinstall Tcheck Ttotal Status Flags
r-devel-linux-x86_64-debian-clang 0.2.0 6.34 94.50 100.84 NOTE
r-devel-linux-x86_64-debian-gcc 0.2.0 3.80 63.91 67.71 NOTE
r-devel-linux-x86_64-fedora-clang 0.2.0 164.22 OK
r-devel-linux-x86_64-fedora-gcc 0.2.0 154.73 OK
r-devel-windows-x86_64 0.2.0 9.00 156.00 165.00 NOTE
r-patched-linux-x86_64 0.2.0 17.61 90.29 107.90 OK
r-release-linux-x86_64 0.2.0 6.36 88.45 94.81 OK
r-release-macos-arm64 0.2.0 44.00 OK
r-release-macos-x86_64 0.2.0 67.00 OK
r-release-windows-x86_64 0.2.0 9.00 147.00 156.00 OK
r-oldrel-macos-arm64 0.2.0 41.00 OK
r-oldrel-macos-x86_64 0.2.0 58.00 OK
r-oldrel-windows-x86_64 0.2.0 10.00 174.00 184.00 OK

Check Details

Version: 0.2.0
Check: Rd cross-references
Result: NOTE Found the following Rd file(s) with Rd \link{} targets missing package anchors: quest-package.Rd: str2str ucfa.Rd: lavaan-class Please provide package anchors for all Rd \link{} targets not in the package itself and the base packages. Flavors: r-devel-linux-x86_64-debian-clang, r-devel-linux-x86_64-debian-gcc, r-devel-windows-x86_64