CRAN Package Check Results for Package qpdf

Last updated on 2025-01-21 06:49:24 CET.

Flavor Version Tinstall Tcheck Ttotal Status Flags
r-devel-linux-x86_64-debian-clang 1.3.4 107.53 23.33 130.86 OK
r-devel-linux-x86_64-debian-gcc 1.3.4 89.68 18.99 108.67 OK
r-devel-linux-x86_64-fedora-clang 1.3.4 367.96 OK
r-devel-linux-x86_64-fedora-gcc 1.3.4 310.95 OK
r-devel-windows-x86_64 1.3.4 139.00 75.00 214.00 OK
r-patched-linux-x86_64 1.3.4 125.85 22.46 148.31 OK
r-release-linux-x86_64 1.3.4 123.51 22.86 146.37 OK
r-release-macos-arm64 1.3.4 66.00 NOTE
r-release-macos-x86_64 1.3.4 61.00 NOTE
r-release-windows-x86_64 1.3.4 153.00 79.00 232.00 OK
r-oldrel-macos-arm64 1.3.4 62.00 NOTE
r-oldrel-macos-x86_64 1.3.4 60.00 NOTE
r-oldrel-windows-x86_64 1.3.4 154.00 88.00 242.00 OK

Check Details

Version: 1.3.4
Check: installed package size
Result: NOTE installed size is 15.8Mb sub-directories of 1Mb or more: libs 15.7Mb Flavors: r-release-macos-arm64, r-release-macos-x86_64, r-oldrel-macos-arm64, r-oldrel-macos-x86_64