CRAN Package Check Results for Package prioritizr

Last updated on 2025-01-16 09:50:14 CET.

Flavor Version Tinstall Tcheck Ttotal Status Flags
r-devel-linux-x86_64-debian-clang 8.0.6 359.56 398.24 757.80 OK
r-devel-linux-x86_64-debian-gcc 8.0.6 255.50 253.05 508.55 OK
r-devel-linux-x86_64-fedora-clang 8.0.6 1428.61 OK
r-devel-linux-x86_64-fedora-gcc 8.0.6 1371.12 OK
r-devel-windows-x86_64 8.0.6 373.00 396.00 769.00 OK
r-patched-linux-x86_64 8.0.6 355.01 372.40 727.41 NOTE
r-release-linux-x86_64 8.0.6 354.06 366.68 720.74 NOTE
r-release-macos-arm64 8.0.6 304.00 NOTE
r-release-macos-x86_64 8.0.6 370.00 NOTE
r-release-windows-x86_64 8.0.6 294.00 370.00 664.00 NOTE
r-oldrel-macos-arm64 8.0.6 302.00 NOTE
r-oldrel-macos-x86_64 8.0.6 449.00 NOTE
r-oldrel-windows-x86_64 8.0.6 328.00 415.00 743.00 NOTE

Check Details

Version: 8.0.6
Check: package dependencies
Result: NOTE Packages suggested but not available for checking: 'gurobi', 'rcbc', 'cplexAPI' Flavors: r-patched-linux-x86_64, r-release-linux-x86_64, r-release-macos-arm64, r-release-macos-x86_64, r-release-windows-x86_64, r-oldrel-macos-arm64, r-oldrel-macos-x86_64, r-oldrel-windows-x86_64

Version: 8.0.6
Check: installed package size
Result: NOTE installed size is 20.0Mb sub-directories of 1Mb or more: R 2.0Mb doc 4.7Mb libs 11.3Mb Flavors: r-release-macos-arm64, r-release-macos-x86_64, r-release-windows-x86_64, r-oldrel-macos-arm64, r-oldrel-macos-x86_64, r-oldrel-windows-x86_64