CRAN Package Check Results for Package presenter

Last updated on 2025-01-19 09:48:29 CET.

Flavor Version Tinstall Tcheck Ttotal Status Flags
r-devel-linux-x86_64-debian-clang 0.1.2 2.37 53.41 55.78 NOTE
r-devel-linux-x86_64-debian-gcc 0.1.2 2.42 38.25 40.67 NOTE
r-devel-linux-x86_64-fedora-clang 0.1.2 89.52 NOTE
r-devel-linux-x86_64-fedora-gcc 0.1.2 105.67 NOTE
r-devel-windows-x86_64 0.1.2 5.00 83.00 88.00 NOTE
r-patched-linux-x86_64 0.1.2 3.38 49.74 53.12 NOTE
r-release-linux-x86_64 0.1.2 2.90 50.20 53.10 NOTE
r-release-macos-arm64 0.1.2 41.00 NOTE
r-release-macos-x86_64 0.1.2 55.00 NOTE
r-release-windows-x86_64 0.1.2 5.00 77.00 82.00 NOTE
r-oldrel-macos-arm64 0.1.2 43.00 OK
r-oldrel-macos-x86_64 0.1.2 65.00 OK
r-oldrel-windows-x86_64 0.1.2 6.00 82.00 88.00 OK

Check Details

Version: 0.1.2
Check: Rd files
Result: NOTE checkRd: (-1) format_number.Rd:36: Lost braces in \itemize; meant \describe ? checkRd: (-1) format_number.Rd:37: Lost braces in \itemize; meant \describe ? checkRd: (-1) format_number.Rd:38: Lost braces in \itemize; meant \describe ? Flavors: r-devel-linux-x86_64-debian-clang, r-devel-linux-x86_64-debian-gcc, r-devel-linux-x86_64-fedora-clang, r-devel-linux-x86_64-fedora-gcc, r-devel-windows-x86_64, r-patched-linux-x86_64, r-release-linux-x86_64, r-release-macos-arm64, r-release-macos-x86_64, r-release-windows-x86_64