Last updated on 2025-01-26 03:49:57 CET.
Flavor | Version | Tinstall | Tcheck | Ttotal | Status | Flags |
---|---|---|---|---|---|---|
r-devel-linux-x86_64-debian-clang | 1.3.0 | 8.09 | 201.54 | 209.63 | OK | |
r-devel-linux-x86_64-debian-gcc | 1.3.0 | 5.50 | 140.05 | 145.55 | OK | |
r-devel-linux-x86_64-fedora-clang | 1.3.0 | 352.16 | OK | |||
r-devel-linux-x86_64-fedora-gcc | 1.3.0 | 360.54 | OK | |||
r-devel-windows-x86_64 | 1.3.0 | 12.00 | 206.00 | 218.00 | OK | |
r-patched-linux-x86_64 | 1.3.0 | 9.73 | 188.23 | 197.96 | OK | |
r-release-linux-x86_64 | 1.3.0 | 8.66 | 188.39 | 197.05 | OK | |
r-release-macos-arm64 | 1.3.0 | 85.00 | NOTE | |||
r-release-macos-x86_64 | 1.3.0 | 137.00 | OK | |||
r-release-windows-x86_64 | 1.3.0 | 12.00 | 196.00 | 208.00 | OK | |
r-oldrel-macos-arm64 | 1.3.0 | 97.00 | OK | |||
r-oldrel-macos-x86_64 | 1.3.0 | 155.00 | OK | |||
r-oldrel-windows-x86_64 | 1.3.0 | 15.00 | 229.00 | 244.00 | OK |
Version: 1.3.0
Check: installed package size
Result: NOTE
installed size is 5.0Mb
sub-directories of 1Mb or more:
data 1.1Mb
doc 3.0Mb
Flavor: r-release-macos-arm64