Last updated on 2025-01-13 12:49:46 CET.
Flavor | Version | Tinstall | Tcheck | Ttotal | Status | Flags |
---|---|---|---|---|---|---|
r-devel-linux-x86_64-debian-clang | 0.2.1 | 2.49 | 18.90 | 21.39 | NOTE | |
r-devel-linux-x86_64-debian-gcc | 0.2.1 | 1.82 | 15.62 | 17.44 | NOTE | |
r-devel-linux-x86_64-fedora-clang | 0.2.1 | 34.87 | NOTE | |||
r-devel-linux-x86_64-fedora-gcc | 0.2.1 | 34.28 | NOTE | |||
r-devel-windows-x86_64 | 0.2.1 | 4.00 | 42.00 | 46.00 | NOTE | |
r-patched-linux-x86_64 | 0.2.1 | 2.19 | 18.06 | 20.25 | NOTE | |
r-release-linux-x86_64 | 0.2.1 | 1.94 | 18.33 | 20.27 | NOTE | |
r-release-macos-arm64 | 0.2.1 | 14.00 | NOTE | |||
r-release-macos-x86_64 | 0.2.1 | 21.00 | NOTE | |||
r-release-windows-x86_64 | 0.2.1 | 4.00 | 39.00 | 43.00 | NOTE | |
r-oldrel-macos-arm64 | 0.2.1 | 18.00 | OK | |||
r-oldrel-macos-x86_64 | 0.2.1 | 19.00 | OK | |||
r-oldrel-windows-x86_64 | 0.2.1 | 3.00 | 40.00 | 43.00 | OK |
Version: 0.2.1
Check: Rd files
Result: NOTE
checkRd: (-1) pmledecon.Rd:113: Lost braces; missing escapes or markup?
113 | likelihood less than $10^{-10}$ are replaced by $10^{-10}$.
| ^
checkRd: (-1) pmledecon.Rd:113: Lost braces; missing escapes or markup?
113 | likelihood less than $10^{-10}$ are replaced by $10^{-10}$.
| ^
Flavors: r-devel-linux-x86_64-debian-clang, r-devel-linux-x86_64-debian-gcc, r-devel-linux-x86_64-fedora-clang, r-devel-linux-x86_64-fedora-gcc, r-devel-windows-x86_64, r-patched-linux-x86_64, r-release-linux-x86_64, r-release-macos-arm64, r-release-macos-x86_64, r-release-windows-x86_64