Last updated on 2025-01-25 15:49:19 CET.
Flavor | Version | Tinstall | Tcheck | Ttotal | Status | Flags |
---|---|---|---|---|---|---|
r-devel-linux-x86_64-debian-clang | 0.4.29 | 6.68 | 128.47 | 135.15 | NOTE | |
r-devel-linux-x86_64-debian-gcc | 0.4.29 | 4.90 | 94.03 | 98.93 | NOTE | |
r-devel-linux-x86_64-fedora-clang | 0.4.29 | 200.30 | OK | |||
r-devel-linux-x86_64-fedora-gcc | 0.4.29 | 237.49 | NOTE | |||
r-devel-windows-x86_64 | 0.4.29 | 10.00 | 137.00 | 147.00 | OK | |
r-patched-linux-x86_64 | 0.4.29 | 8.67 | 118.53 | 127.20 | OK | |
r-release-linux-x86_64 | 0.4.29 | 6.94 | 119.92 | 126.86 | OK | |
r-release-macos-arm64 | 0.4.29 | 79.00 | OK | |||
r-release-macos-x86_64 | 0.4.29 | 111.00 | OK | |||
r-release-windows-x86_64 | 0.4.29 | 9.00 | 136.00 | 145.00 | OK | |
r-oldrel-macos-arm64 | 0.4.29 | 64.00 | OK | |||
r-oldrel-macos-x86_64 | 0.4.29 | 114.00 | OK | |||
r-oldrel-windows-x86_64 | 0.4.29 | 11.00 | 157.00 | 168.00 | OK |
Version: 0.4.29
Check: DESCRIPTION meta-information
Result: NOTE
Missing dependency on R >= 4.1.0 because package code uses the pipe
|> or function shorthand \(...) syntax added in R 4.1.0.
File(s) using such syntax:
‘read-tuv-file.r’
Flavors: r-devel-linux-x86_64-debian-clang, r-devel-linux-x86_64-debian-gcc, r-devel-linux-x86_64-fedora-gcc