Last updated on 2025-01-25 09:49:23 CET.
Flavor | Version | Tinstall | Tcheck | Ttotal | Status | Flags |
---|---|---|---|---|---|---|
r-devel-linux-x86_64-debian-clang | 0.3.0 | 4.10 | 48.86 | 52.96 | NOTE | |
r-devel-linux-x86_64-debian-gcc | 0.3.0 | 3.48 | 35.91 | 39.39 | NOTE | |
r-devel-linux-x86_64-fedora-clang | 0.3.0 | 85.33 | NOTE | |||
r-devel-linux-x86_64-fedora-gcc | 0.3.0 | 93.15 | NOTE | |||
r-devel-windows-x86_64 | 0.3.0 | 6.00 | 68.00 | 74.00 | NOTE | |
r-patched-linux-x86_64 | 0.3.0 | 8.28 | 46.22 | 54.50 | NOTE | |
r-release-linux-x86_64 | 0.3.0 | 3.85 | 45.86 | 49.71 | NOTE | |
r-release-macos-arm64 | 0.3.0 | 34.00 | NOTE | |||
r-release-macos-x86_64 | 0.3.0 | 50.00 | NOTE | |||
r-release-windows-x86_64 | 0.3.0 | 6.00 | 71.00 | 77.00 | NOTE | |
r-oldrel-macos-arm64 | 0.3.0 | 40.00 | OK | |||
r-oldrel-macos-x86_64 | 0.3.0 | 53.00 | OK | |||
r-oldrel-windows-x86_64 | 0.3.0 | 7.00 | 76.00 | 83.00 | OK |
Version: 0.3.0
Check: Rd files
Result: NOTE
checkRd: (-1) keyword_directory.Rd:48: Lost braces
48 | Default pattern is "\\p{WHITE_SPACE}{3,}" which can be interpreted as:
| ^
checkRd: (-1) keyword_directory.Rd:48: Lost braces
48 | Default pattern is "\\p{WHITE_SPACE}{3,}" which can be interpreted as:
| ^
checkRd: (-1) keyword_search.Rd:59: Lost braces
59 | Default pattern is "\\p{WHITE_SPACE}{3,}" which can be interpreted as:
| ^
checkRd: (-1) keyword_search.Rd:59: Lost braces
59 | Default pattern is "\\p{WHITE_SPACE}{3,}" which can be interpreted as:
| ^
Flavors: r-devel-linux-x86_64-debian-clang, r-devel-linux-x86_64-debian-gcc, r-devel-linux-x86_64-fedora-clang, r-devel-linux-x86_64-fedora-gcc, r-devel-windows-x86_64, r-patched-linux-x86_64, r-release-linux-x86_64, r-release-macos-arm64, r-release-macos-x86_64, r-release-windows-x86_64
Version: 0.3.0
Check: Rd cross-references
Result: NOTE
Found the following Rd file(s) with Rd \link{} targets missing package
anchors:
heading_search.Rd: pdftools
Please provide package anchors for all Rd \link{} targets not in the
package itself and the base packages.
Flavors: r-devel-linux-x86_64-debian-clang, r-devel-linux-x86_64-debian-gcc, r-devel-windows-x86_64