Last updated on 2025-01-22 03:50:00 CET.
Flavor | Version | Tinstall | Tcheck | Ttotal | Status | Flags |
---|---|---|---|---|---|---|
r-devel-linux-x86_64-debian-clang | 1.12 | 105.51 | 307.65 | 413.16 | OK | |
r-devel-linux-x86_64-debian-gcc | 1.12 | 71.49 | 182.66 | 254.15 | OK | |
r-devel-linux-x86_64-fedora-clang | 1.12 | 608.83 | OK | |||
r-devel-linux-x86_64-fedora-gcc | 1.12 | 667.70 | OK | |||
r-devel-windows-x86_64 | 1.12 | 88.00 | 264.00 | 352.00 | OK | |
r-patched-linux-x86_64 | 1.12 | 108.11 | 257.77 | 365.88 | OK | |
r-release-linux-x86_64 | 1.12 | 106.18 | 257.53 | 363.71 | OK | |
r-release-macos-arm64 | 1.12 | 150.00 | NOTE | |||
r-release-macos-x86_64 | 1.12 | 308.00 | NOTE | |||
r-release-windows-x86_64 | 1.12 | 94.00 | 260.00 | 354.00 | NOTE | |
r-oldrel-macos-arm64 | 1.12 | 139.00 | NOTE | |||
r-oldrel-macos-x86_64 | 1.12 | 287.00 | NOTE | |||
r-oldrel-windows-x86_64 | 1.12 | 88.00 | 332.00 | 420.00 | NOTE |
Version: 1.12
Check: installed package size
Result: NOTE
installed size is 12.7Mb
sub-directories of 1Mb or more:
R 1.1Mb
libs 9.3Mb
Flavors: r-release-macos-arm64, r-release-macos-x86_64, r-release-windows-x86_64, r-oldrel-macos-arm64, r-oldrel-macos-x86_64, r-oldrel-windows-x86_64