Last updated on 2025-02-10 07:50:06 CET.
Flavor | Version | Tinstall | Tcheck | Ttotal | Status | Flags |
---|---|---|---|---|---|---|
r-devel-linux-x86_64-debian-clang | 0.6.1 | 12.54 | 301.76 | 314.30 | OK | |
r-devel-linux-x86_64-debian-gcc | 0.6.1 | 10.48 | 197.22 | 207.70 | OK | |
r-devel-linux-x86_64-fedora-clang | 0.6.1 | 509.80 | OK | |||
r-devel-linux-x86_64-fedora-gcc | 0.6.1 | 473.46 | OK | |||
r-devel-windows-x86_64 | 0.6.1 | 16.00 | 257.00 | 273.00 | OK | |
r-patched-linux-x86_64 | 0.6.1 | 12.63 | 267.02 | 279.65 | NOTE | |
r-release-linux-x86_64 | 0.6.1 | 13.59 | 271.24 | 284.83 | NOTE | |
r-release-macos-arm64 | 0.6.1 | 135.00 | OK | |||
r-release-macos-x86_64 | 0.6.1 | 200.00 | OK | |||
r-release-windows-x86_64 | 0.6.1 | 17.00 | 260.00 | 277.00 | OK | |
r-oldrel-macos-arm64 | 0.6.1 | 145.00 | OK | |||
r-oldrel-macos-x86_64 | 0.6.1 | 386.00 | OK | |||
r-oldrel-windows-x86_64 | 0.6.1 | 19.00 | 345.00 | 364.00 | OK |
Version: 0.6.1
Check: package dependencies
Result: NOTE
Package suggested but not available for checking: ‘quanteda.textmodels’
Flavors: r-patched-linux-x86_64, r-release-linux-x86_64