CRAN Package Check Results for Package oddstream

Last updated on 2025-01-24 09:49:22 CET.

Flavor Version Tinstall Tcheck Ttotal Status Flags
r-devel-linux-x86_64-debian-clang 0.5.0 12.24 96.04 108.28 OK
r-devel-linux-x86_64-debian-gcc 0.5.0 10.44 67.33 77.77 OK
r-devel-linux-x86_64-fedora-clang 0.5.0 175.27 NOTE
r-devel-linux-x86_64-fedora-gcc 0.5.0 163.17 NOTE
r-devel-windows-x86_64 0.5.0 14.00 98.00 112.00 OK
r-patched-linux-x86_64 0.5.0 12.38 89.04 101.42 OK
r-release-linux-x86_64 0.5.0 11.11 89.18 100.29 OK
r-release-macos-arm64 0.5.0 48.00 OK
r-release-macos-x86_64 0.5.0 76.00 OK
r-release-windows-x86_64 0.5.0 14.00 98.00 112.00 OK
r-oldrel-macos-arm64 0.5.0 52.00 OK
r-oldrel-macos-x86_64 0.5.0 86.00 OK
r-oldrel-windows-x86_64 0.5.0 18.00 117.00 135.00 OK

Check Details

Version: 0.5.0
Check: dependencies in R code
Result: NOTE Namespaces in Imports field not imported from: ‘RColorBrewer’ ‘graphics’ All declared Imports should be used. Flavors: r-devel-linux-x86_64-fedora-clang, r-devel-linux-x86_64-fedora-gcc