Last updated on 2025-04-29 22:50:08 CEST.
Flavor | Version | Tinstall | Tcheck | Ttotal | Status | Flags |
---|---|---|---|---|---|---|
r-devel-linux-x86_64-debian-clang | 0.3.0 | 8.69 | 465.16 | 473.85 | NOTE | |
r-devel-linux-x86_64-debian-gcc | 0.3.0 | 5.53 | 311.55 | 317.08 | NOTE | |
r-devel-linux-x86_64-fedora-clang | 0.3.0 | 786.70 | NOTE | |||
r-devel-linux-x86_64-fedora-gcc | 0.3.0 | 760.37 | NOTE | |||
r-devel-windows-x86_64 | 0.3.0 | 11.00 | 500.00 | 511.00 | NOTE | |
r-patched-linux-x86_64 | 0.3.0 | 9.73 | 433.24 | 442.97 | NOTE | |
r-release-linux-x86_64 | 0.3.0 | 8.72 | 432.23 | 440.95 | NOTE | |
r-release-macos-arm64 | 0.3.0 | 198.00 | NOTE | |||
r-release-macos-x86_64 | 0.3.0 | 590.00 | OK | |||
r-release-windows-x86_64 | 0.3.0 | 13.00 | 490.00 | 503.00 | NOTE | |
r-oldrel-macos-arm64 | 0.3.0 | 150.00 | OK | |||
r-oldrel-macos-x86_64 | 0.3.0 | 266.00 | OK | |||
r-oldrel-windows-x86_64 | 0.3.0 | 14.00 | 627.00 | 641.00 | OK |
Version: 0.3.0
Check: DESCRIPTION meta-information
Result: NOTE
Missing dependency on R >= 4.1.0 because package code uses the pipe
|> or function shorthand \(...) syntax added in R 4.1.0.
File(s) using such syntax:
‘addBaseline1exp.Rd’ ‘addBaselineConst.Rd’ ‘addBaselineExp.Rd’
‘addBaselineLin.Rd’ ‘addCmtProp.Rd’ ‘addDepot.Rd’ ‘addDirectLin.Rd’
‘addEffectCmtLin.Rd’ ‘addEta.Rd’ ‘addIndirect.Rd’ ‘addIndirectLin.Rd’
‘addLogEstimates.Rd’ ‘addResErr.Rd’ ‘addTransit.Rd’
‘addWeibullAbs.Rd’ ‘convertEmax.Rd’ ‘convertEmaxHill.Rd’
‘convertKinR0.Rd’ ‘convertLogLin.Rd’ ‘convertMM.Rd’ ‘convertQuad.Rd’
‘fakeCc.Rd’ ‘pkTrans.Rd’ ‘removeDepot.Rd’ ‘removeLinesAndInis.Rd’
‘removeTransit.Rd’
Flavors: r-devel-linux-x86_64-debian-clang, r-devel-linux-x86_64-debian-gcc, r-devel-linux-x86_64-fedora-clang, r-devel-linux-x86_64-fedora-gcc, r-devel-windows-x86_64, r-patched-linux-x86_64, r-release-linux-x86_64, r-release-macos-arm64, r-release-windows-x86_64
Version: 0.3.0
Check: examples
Result: NOTE
Examples with CPU (user + system) or elapsed time > 5s
user system elapsed
addLogEstimates 5.198 0.214 7.246
addResErr 4.393 0.102 5.367
addCmtProp 4.260 0.227 8.027
convertMM 4.296 0.064 5.015
Flavor: r-devel-linux-x86_64-debian-clang