CRAN Package Check Results for Package nieve

Last updated on 2025-01-20 19:49:21 CET.

Flavor Version Tinstall Tcheck Ttotal Status Flags
r-devel-linux-x86_64-debian-clang 0.1.3 4.09 32.90 36.99 OK
r-devel-linux-x86_64-debian-gcc 0.1.3 3.83 26.25 30.08 OK
r-devel-linux-x86_64-fedora-clang 0.1.3 62.23 OK
r-devel-linux-x86_64-fedora-gcc 0.1.3 76.49 OK
r-devel-windows-x86_64 0.1.3 9.00 81.00 90.00 OK
r-patched-linux-x86_64 0.1.3 4.52 31.39 35.91 OK
r-release-linux-x86_64 0.1.3 4.46 31.56 36.02 OK
r-release-macos-arm64 0.1.3 29.00 OK
r-release-macos-x86_64 0.1.3 46.00 WARN
r-release-windows-x86_64 0.1.3 11.00 84.00 95.00 OK
r-oldrel-macos-arm64 0.1.3 41.00 OK
r-oldrel-macos-x86_64 0.1.3 95.00 OK
r-oldrel-windows-x86_64 0.1.3 10.00 77.00 87.00 OK

Check Details

Version: 0.1.3
Check: re-building of vignette outputs
Result: WARN Error(s) in re-building vignettes: ... --- re-building ‘nieve.Rnw’ using knitr Error: processing vignette 'nieve.Rnw' failed with diagnostics: Running 'texi2dvi' on 'nieve.tex' failed. LaTeX errors: ! Undefined control sequence. l.133 \hldef {qEx} \hlkwb{<-} \hlkwa{function}\hldef{(}\hlkwc{p}\hldef{,} \hl... ? ! Emergency stop. l.133 End of file on the terminal! ! ==> Fatal error occurred, no output PDF file produced! --- failed re-building ‘nieve.Rnw’ SUMMARY: processing the following file failed: ‘nieve.Rnw’ Error: Vignette re-building failed. Execution halted Flavor: r-release-macos-x86_64