CRAN Package Check Results for Package netassoc

Last updated on 2025-01-21 18:49:47 CET.

Flavor Version Tinstall Tcheck Ttotal Status Flags
r-devel-linux-x86_64-debian-clang 0.7.0 8.58 66.86 75.44 NOTE
r-devel-linux-x86_64-debian-gcc 0.7.0 6.21 49.96 56.17 NOTE
r-devel-linux-x86_64-fedora-clang 0.7.0 119.29 NOTE
r-devel-linux-x86_64-fedora-gcc 0.7.0 113.09 NOTE
r-devel-windows-x86_64 0.7.0 9.00 82.00 91.00 NOTE
r-patched-linux-x86_64 0.7.0 9.94 62.79 72.73 NOTE
r-release-linux-x86_64 0.7.0 7.39 63.33 70.72 NOTE
r-release-macos-arm64 0.7.0 34.00 NOTE
r-release-macos-x86_64 0.7.0 92.00 NOTE
r-release-windows-x86_64 0.7.0 10.00 84.00 94.00 NOTE
r-oldrel-macos-arm64 0.7.0 39.00 OK
r-oldrel-macos-x86_64 0.7.0 58.00 OK
r-oldrel-windows-x86_64 0.7.0 10.00 103.00 113.00 OK

Check Details

Version: 0.7.0
Check: Rd files
Result: NOTE checkRd: (-1) partial_correlation.Rd:26: Lost braces in \itemize; meant \describe ? checkRd: (-1) partial_correlation.Rd:27: Lost braces in \itemize; meant \describe ? checkRd: (-1) partial_correlation.Rd:28: Lost braces in \itemize; meant \describe ? checkRd: (-1) partial_correlation.Rd:29: Lost braces in \itemize; meant \describe ? Flavors: r-devel-linux-x86_64-debian-clang, r-devel-linux-x86_64-debian-gcc, r-devel-linux-x86_64-fedora-clang, r-devel-linux-x86_64-fedora-gcc, r-devel-windows-x86_64, r-patched-linux-x86_64, r-release-linux-x86_64, r-release-macos-arm64, r-release-macos-x86_64, r-release-windows-x86_64

Version: 0.7.0
Check: Rd cross-references
Result: NOTE Found the following Rd file(s) with Rd \link{} targets missing package anchors: plot_netassoc_network.Rd: plot.igraph Please provide package anchors for all Rd \link{} targets not in the package itself and the base packages. Flavors: r-devel-linux-x86_64-debian-clang, r-devel-linux-x86_64-debian-gcc, r-devel-windows-x86_64