Last updated on 2025-01-25 18:50:35 CET.
Flavor | Version | Tinstall | Tcheck | Ttotal | Status | Flags |
---|---|---|---|---|---|---|
r-devel-linux-x86_64-debian-clang | 1.0.0 | 5.84 | 40.24 | 46.08 | NOTE | |
r-devel-linux-x86_64-debian-gcc | 1.0.0 | 3.97 | 30.11 | 34.08 | NOTE | |
r-devel-linux-x86_64-fedora-clang | 1.0.0 | 75.86 | OK | |||
r-devel-linux-x86_64-fedora-gcc | 1.0.0 | 86.20 | NOTE | |||
r-devel-windows-x86_64 | 1.0.0 | 8.00 | 63.00 | 71.00 | OK | |
r-patched-linux-x86_64 | 1.0.0 | 5.94 | 37.87 | 43.81 | OK | |
r-release-linux-x86_64 | 1.0.0 | 6.33 | 37.79 | 44.12 | OK | |
r-release-macos-arm64 | 1.0.0 | 35.00 | OK | |||
r-release-macos-x86_64 | 1.0.0 | 48.00 | OK | |||
r-release-windows-x86_64 | 1.0.0 | 9.00 | 62.00 | 71.00 | OK | |
r-oldrel-macos-arm64 | 1.0.0 | 48.00 | OK | |||
r-oldrel-macos-x86_64 | 1.0.0 | 68.00 | OK | |||
r-oldrel-windows-x86_64 | 1.0.0 | 11.00 | 68.00 | 79.00 | OK |
Version: 1.0.0
Check: DESCRIPTION meta-information
Result: NOTE
Missing dependency on R >= 4.1.0 because package code uses the pipe
|> or function shorthand \(...) syntax added in R 4.1.0.
File(s) using such syntax:
‘acquire_neon_data.R’ ‘check_qf_flags.R’ ‘compute_monthly_mean.R’
‘compute_neon_flux.R’ ‘compute_surface_flux.R’ ‘correct_env_data.R’
‘depth_interpolate.R’ ‘determine_position.R’ ‘env_fingerprint_plot.R’
‘fit_function.R’ ‘flux_fingerprint_plot.R’ ‘insert_mean.R’
‘measurement_detect.R’ ‘measurement_merge.R’ ‘swc_correct.R’
Flavors: r-devel-linux-x86_64-debian-clang, r-devel-linux-x86_64-debian-gcc, r-devel-linux-x86_64-fedora-gcc