Last updated on 2025-01-25 21:50:27 CET.
Flavor | Version | Tinstall | Tcheck | Ttotal | Status | Flags |
---|---|---|---|---|---|---|
r-devel-linux-x86_64-debian-clang | 0.3.0 | 14.29 | 82.16 | 96.45 | OK | |
r-devel-linux-x86_64-debian-gcc | 0.3.0 | 9.10 | 57.55 | 66.65 | OK | |
r-devel-linux-x86_64-fedora-clang | 0.3.0 | 154.13 | NOTE | |||
r-devel-linux-x86_64-fedora-gcc | 0.3.0 | 153.79 | NOTE | |||
r-devel-windows-x86_64 | 0.3.0 | 13.00 | 91.00 | 104.00 | OK | |
r-patched-linux-x86_64 | 0.3.0 | 12.63 | 74.82 | 87.45 | NOTE | |
r-release-linux-x86_64 | 0.3.0 | 11.48 | 75.91 | 87.39 | NOTE | |
r-release-macos-arm64 | 0.3.0 | 49.00 | NOTE | |||
r-release-macos-x86_64 | 0.3.0 | 79.00 | NOTE | |||
r-release-windows-x86_64 | 0.3.0 | 14.00 | 90.00 | 104.00 | NOTE | |
r-oldrel-macos-arm64 | 0.3.0 | 55.00 | NOTE | |||
r-oldrel-macos-x86_64 | 0.3.0 | 70.00 | NOTE | |||
r-oldrel-windows-x86_64 | 0.3.0 | 17.00 | 104.00 | 121.00 | NOTE |
Version: 0.3.0
Check: dependencies in R code
Result: NOTE
Namespace in Imports field not imported from: ‘bookdown’
All declared Imports should be used.
Flavors: r-devel-linux-x86_64-fedora-clang, r-devel-linux-x86_64-fedora-gcc
Version: 0.3.0
Check: LazyData
Result: NOTE
'LazyData' is specified without a 'data' directory
Flavors: r-patched-linux-x86_64, r-release-linux-x86_64, r-release-macos-arm64, r-release-macos-x86_64, r-release-windows-x86_64, r-oldrel-macos-arm64, r-oldrel-macos-x86_64, r-oldrel-windows-x86_64