CRAN Package Check Results for Package narray

Last updated on 2025-04-30 07:55:14 CEST.

Flavor Version Tinstall Tcheck Ttotal Status Flags
r-devel-linux-x86_64-debian-clang 0.5.1 16.85 33.19 50.04 NOTE
r-devel-linux-x86_64-debian-gcc 0.5.1 12.14 26.63 38.77 NOTE
r-devel-linux-x86_64-fedora-clang 0.5.1 82.09 NOTE
r-devel-linux-x86_64-fedora-gcc 0.5.1 96.67 NOTE
r-devel-windows-x86_64 0.5.1 20.00 77.00 97.00 NOTE
r-patched-linux-x86_64 0.5.1 16.94 31.74 48.68 NOTE
r-release-linux-x86_64 0.5.1 15.92 32.14 48.06 NOTE
r-release-macos-arm64 0.5.1 51.00 NOTE
r-release-macos-x86_64 0.5.1 64.00 NOTE
r-release-windows-x86_64 0.5.1 19.00 77.00 96.00 NOTE
r-oldrel-macos-arm64 0.5.1 33.00 NOTE
r-oldrel-macos-x86_64 0.5.1 49.00 NOTE
r-oldrel-windows-x86_64 0.5.1 21.00 89.00 110.00 NOTE

Check Details

Version: 0.5.1
Check: CRAN incoming feasibility
Result: NOTE Maintainer: ‘Michael Schubert <mschu.dev@gmail.com>’ No Authors@R field in DESCRIPTION. Please add one, modifying Authors@R: person(given = "Michael", family = "Schubert", role = c("aut", "cre"), email = "mschu.dev@gmail.com") as necessary. Flavors: r-devel-linux-x86_64-debian-clang, r-devel-linux-x86_64-debian-gcc

Version: 0.5.1
Check: C++ specification
Result: NOTE Specified C++11: please drop specification unless essential Flavors: r-devel-linux-x86_64-debian-clang, r-devel-linux-x86_64-debian-gcc, r-devel-linux-x86_64-fedora-clang, r-devel-linux-x86_64-fedora-gcc, r-devel-windows-x86_64, r-patched-linux-x86_64, r-release-linux-x86_64, r-release-macos-arm64, r-release-macos-x86_64, r-release-windows-x86_64, r-oldrel-macos-arm64, r-oldrel-macos-x86_64, r-oldrel-windows-x86_64